{"id":506,"date":"2016-09-28T19:31:55","date_gmt":"2016-09-28T19:31:55","guid":{"rendered":"http:\/\/www.abmpdf.com\/?page_id=506"},"modified":"2025-08-15T09:23:07","modified_gmt":"2025-08-15T12:23:07","slug":"quem-somos","status":"publish","type":"page","link":"https:\/\/www.abmpdf.com\/?page_id=506","title":{"rendered":"CURSO INTRODU\u00c7\u00c3O PR\u00c1TICA DE JUNG"},"content":{"rendered":"<table border=\"0\" width=\"100%\" cellspacing=\"0\" cellpadding=\"5\">\n<tbody>\n<tr>\n<td><img loading=\"lazy\" decoding=\"async\" class=\"size-thumbnail wp-image-568 aligncenter\" src=\"https:\/\/www.abmpdf.com\/wp-content\/uploads\/2016\/09\/2061097-150x150.jpg\" alt=\"\" width=\"150\" height=\"150\" \/>\n<p style=\"text-align: left;\"><strong>\u00a0\u00a0\u00a0\u00a0\u00a0\u00a0\u00a0\u00a0\u00a0\u00a0\u00a0\u00a0\u00a0\u00a0\u00a0\u00a0\u00a0\u00a0\u00a0\u00a0\u00a0\u00a0\u00a0\u00a0\u00a0\u00a0\u00a0\u00a0\u00a0\u00a0\u00a0\u00a0\u00a0\u00a0\u00a0\u00a0\u00a0\u00a0\u00a0\u00a0\u00a0\u00a0\u00a0\u00a0\u00a0\u00a0\u00a0\u00a0\u00a0\u00a0\u00a0\u00a0\u00a0\u00a0\u00a0\u00a0\u00a0\u00a0\u00a0\u00a0\u00a0\u00a0\u00a0\u00a0\u00a0\u00a0\u00a0\u00a0\u00a0\u00a0\u00a0\u00a0\u00a0 ABMPDF\u00a0<\/strong><\/p>\n<p style=\"text-align: left;\"><strong>\u00a0\u00a0\u00a0\u00a0\u00a0\u00a0\u00a0\u00a0\u00a0\u00a0\u00a0\u00a0\u00a0\u00a0\u00a0\u00a0\u00a0\u00a0\u00a0\u00a0\u00a0\u00a0\u00a0\u00a0\u00a0\u00a0\u00a0\u00a0\u00a0\u00a0\u00a0\u00a0\u00a0\u00a0\u00a0\u00a0\u00a0\u00a0\u00a0\u00a0\u00a0\u00a0\u00a0\u00a0\u00a0 UNI.FREUD CURSOS E TREINAMENTOS<\/strong> <!-- [if gte vml 1]><v:shapetype id=\"_x0000_t75\"\n coordsize=\"21600,21600\" o:spt=\"75\" o:preferrelative=\"t\" path=\"m@4@5l@4@11@9@11@9@5xe\"\n filled=\"f\" stroked=\"f\">\n <v:stroke joinstyle=\"miter\"\/>\n <v:formulas>\n  <v:f eqn=\"if lineDrawn pixelLineWidth 0\"\/>\n  <v:f eqn=\"sum @0 1 0\"\/>\n  <v:f eqn=\"sum 0 0 @1\"\/>\n  <v:f eqn=\"prod @2 1 2\"\/>\n  <v:f eqn=\"prod @3 21600 pixelWidth\"\/>\n  <v:f eqn=\"prod @3 21600 pixelHeight\"\/>\n  <v:f eqn=\"sum @0 0 1\"\/>\n  <v:f eqn=\"prod @6 1 2\"\/>\n  <v:f eqn=\"prod @7 21600 pixelWidth\"\/>\n  <v:f eqn=\"sum @8 21600 0\"\/>\n  <v:f eqn=\"prod @7 21600 pixelHeight\"\/>\n  <v:f eqn=\"sum @10 21600 0\"\/>\n <\/v:formulas>\n <v:path o:extrusionok=\"f\" gradientshapeok=\"t\" o:connecttype=\"rect\"\/>\n <o:lock v:ext=\"edit\" aspectratio=\"t\"\/>\n<\/v:shapetype><v:shape id=\"Imagem_x0020_1\" o:spid=\"_x0000_s1026\" type=\"#_x0000_t75\"\n style='position:absolute;margin-left:221.25pt;margin-top:20.35pt;width:129pt;\n height:64.5pt;z-index:251658240;visibility:visible'>\n <v:imagedata src=\"file:\/\/\/C:\\Users\\PC\\AppData\\Local\\Temp\\msohtmlclip1\\01\\clip_image001.png\"\n  o:title=\"\"\/>\n <w:wrap type=\"square\"\/>\n<\/v:shape><![endif]--><\/p>\n<p style=\"text-align: center;\"><img loading=\"lazy\" decoding=\"async\" class=\"alignnone size-thumbnail wp-image-599\" src=\"https:\/\/www.abmpdf.com\/wp-content\/uploads\/2016\/09\/psicossomatica-150x150.jpg\" alt=\"\" width=\"150\" height=\"150\" \/><\/p>\n<p style=\"text-align: center;\"><strong>NOVO CURSO JUNG <br \/><\/strong><\/p>\n<p style=\"text-align: center;\"><strong> &#8220;INTRODU\u00c7\u00c3O TEORIA E PR\u00c1TICA DO PENSAMENTO DE CARL\u00a0 JUNG&#8221;<br \/><\/strong><\/p>\n<p style=\"text-align: center;\"><strong> (QUALIFICA\u00c7\u00c3O PROFISSIONALIZANTE LIVRE)<br \/><\/strong><\/p>\n<p style=\"text-align: center;\"><strong>24 \/M\u00f3dulos E.A.D ou +<br \/><\/strong><\/p>\n<p style=\"text-align: center;\"><strong>Novas Turmas EAD ( AULAS GRAVADAS) <br \/><\/strong><\/p>\n<p style=\"text-align: center;\"><strong>CURSO DE ESTUDOS DAS OBRAS E PRATICA DE JUNG <\/strong><\/p>\n<p style=\"text-align: center;\"><strong>( Reserva de Vaga e\u00a0 Inscri\u00e7\u00e3o: Mediante Pr\u00e9via Avalia\u00e7\u00e3o do seu Curr\u00edculo)<\/strong><\/p>\n<p style=\"text-align: center;\">Grade (Provis\u00f3ria)<\/p>\n<p style=\"text-align: center;\"><strong>1\/Introdu\u00e7\u00e3o Pratica do Pensamento da\u00a0 Psicoterapia Jung<\/strong><\/p>\n<p style=\"text-align: center;\"><strong>2\/<\/strong><strong>O Resgate do Sagrado \u2013 Jung<\/strong><\/p>\n<p style=\"text-align: center;\"><strong>\u00a03\/<\/strong><strong>Crian\u00e7a Interior do Adulto (arqu\u00e9tipos Infantis) <\/strong><\/p>\n<p style=\"text-align: center;\"><strong>\u00a04\/<\/strong><strong>Arte e a Loucura<\/strong><\/p>\n<p style=\"text-align: center;\"><strong>\u00a05\/<\/strong><strong>A rela\u00e7\u00e3o Freud e Jung<\/strong><\/p>\n<p style=\"text-align: center;\"><strong>\u00a06\/<\/strong><strong>Tornar-se a Si Mesmo <\/strong><\/p>\n<p style=\"text-align: center;\"><strong>7\/A Personalidade para teoria de Jung<\/strong><\/p>\n<p style=\"text-align: center;\"><strong>8\/A pr\u00e1tica da psicoterapia e o caminho de cura<\/strong><\/p>\n<p style=\"text-align: center;\"><strong>9\/Tipos An\u00e1lise Sint\u00e9tica de Jung e Perfil Profissional<\/strong><\/p>\n<p style=\"text-align: center;\"><strong>10\/Teoria do Inconsciente Coletivo e sua pr\u00e1tica<\/strong><\/p>\n<p style=\"text-align: center;\"><strong>\u00a011\/<\/strong><strong>A pr\u00e1tica de Pensar com o cora\u00e7\u00e3o (Jung)<\/strong><\/p>\n<p style=\"text-align: center;\"><strong>\u00a012\/<\/strong><strong>Conceitos do Livro Vermelho de Jung <\/strong><\/p>\n<p style=\"text-align: center;\"><strong>13\/Depress\u00e3o na vis\u00e3o Anal\u00edtica de Jung<\/strong><\/p>\n<p style=\"text-align: center;\"><strong>14\/A an\u00e1lise sint\u00e9tica da religi\u00e3o segundo (Jung)<\/strong><\/p>\n<p style=\"text-align: center;\"><strong>15\/Processo Criativo e Express\u00e3o Art\u00edstica<\/strong><\/p>\n<p style=\"text-align: center;\"><strong>16\/O conceito de Patologizar (Jung)<br \/><\/strong><\/p>\n<p style=\"text-align: center;\"><strong>17\/A objetividade ps\u00edquica para Jung<\/strong><\/p>\n<p style=\"text-align: center;\"><strong>\u00a018\/<\/strong><strong>O Homem e seus S\u00edmbolos<\/strong><\/p>\n<p style=\"text-align: center;\"><strong>19\/ A influencia da Psique dos Pais na Psique dos Filhos\u00a0<\/strong><\/p>\n<p style=\"text-align: center;\"><strong>20\/ O pai ( Na pr\u00e1tica Cl\u00ednica de Jung)<\/strong><\/p>\n<p style=\"text-align: center;\"><strong>21\/ A m\u00e3e ( Na pr\u00e1tica Cl\u00ednica de Jung)\u00a0<\/strong><\/p>\n<p style=\"text-align: center;\"><strong>22\/ A Descoberta dos Complexos ( Cl\u00ednica de Jung)\u00a0<\/strong><\/p>\n<p style=\"text-align: center;\"><strong>23\/ Reflex\u00f5es &#8211; Jung Al\u00e9m do Seu Tempo<\/strong><\/p>\n<p style=\"text-align: center;\"><strong>24\/ Astrologia e a Cl\u00ednica Anal\u00edtica de Jung\u00a0<\/strong><\/p>\n<p style=\"text-align: center;\">(Grade sujeita a ou\u00a0 revis\u00f5es ou corre\u00e7\u00f5es sem pr\u00e9vio aviso e<\/p>\n<p style=\"text-align: center;\">sem perca da inten\u00e7\u00e3o da Aula ou da grade do Curso)<\/p>\n<p style=\"text-align: center;\">Aulas\u00a0 E.A.D\u00a0 (gravadas) e disponibilizadas aos Inscritos na turma)<\/p>\n<p style=\"text-align: center;\"><a href=\"https:\/\/www.abmpdf.com\/?page_id=510\">Nosso Contato Via e-mail (click Aqui)<\/a><\/p>\n<p style=\"text-align: center;\"><a href=\"http:\/\/www.abmpdf.com\/\">www.abmpdf.com<\/a><\/p>\n<p style=\"text-align: center;\"><strong>\u00a0****************************************************<\/strong><\/p>\n<p style=\"text-align: center;\">A Constitui\u00e7\u00e3o Federal em seu\u00a0<strong><em>Artigo 205\/CF, \u201ccaput\u201d<\/em><\/strong>, prev\u00ea que a educa\u00e7\u00e3o \u00e9 direito de todos e ser\u00e1 incentivada pela sociedade. Tal pr\u00e1tica \u00e9 defendida tamb\u00e9m pelo\u00a0<strong><em>Artigo 206\/CF<\/em><\/strong>\u00a0que prev\u00ea que o ensino ser\u00e1 ministrado com base em alguns princ\u00edpios e em seu inciso II:\u00a0<strong><em>\u201ca liberdade de aprender, ensinar, pesquisar e divulgar pensamentos, a arte e o saber\u201d<\/em><\/strong>. Os <strong><em>Cursos Livres \u2013 est\u00e3o amparados pela Lei n\u00ba 9.394\/96<\/em><\/strong>\u00a0\u2013 Diretrizes e Bases da Educa\u00e7\u00e3o Nacional passou a integrar a\u00a0<strong>modalidade de Educa\u00e7\u00e3o Profissional<\/strong>. <strong>Educa\u00e7\u00e3o Profissional<\/strong>, \u00e9 a modalidade de educa\u00e7\u00e3o n\u00e3o-formal de dura\u00e7\u00e3o vari\u00e1vel, destinada a proporcionar ao trabalhador conhecimentos que lhe permitam profissionalizar-se, qualificar-se e atualizar-se para o trabalho.\u00a0<em>Conforme a Lei n\u00ba. 9394\/96, o Decreto n\u00ba. 5.154\/04 e a Delibera\u00e7\u00e3o CEE 14\/97 (Indica\u00e7\u00e3o CEE 14\/97) citam que os cursos chamados \u201cLivres\u201d n\u00e3o necessitam de pr\u00e9via autoriza\u00e7\u00e3o para funcionamento nem de posterior reconhecimento do Conselho de Educa\u00e7\u00e3o competente. <\/em><em>N\u00e3o existe legisla\u00e7\u00e3o espec\u00edfica que regulamente estes cursos, por isto, os cursos livres n\u00e3o s\u00e3o pass\u00edveis de regula\u00e7\u00e3o por parte do Minist\u00e9rio da Educa\u00e7\u00e3o<\/em>. N\u00e3o havendo exig\u00eancia de escolaridade anterior. A categoria\u00a0<strong><em>Curso Livre<\/em><\/strong>\u00a0atende \u00a0a popula\u00e7\u00e3o com objetivo de oferecer profissionaliza\u00e7\u00e3o r\u00e1pida para diversas \u00e1reas de atua\u00e7\u00e3o no mercado de trabalho, ex: Inform\u00e1tica, Atendimento, Secretariado, Webdesign, Seguran\u00e7a, Idiomas, Culin\u00e1ria, Corte &amp; Costura, Est\u00e9tica, Beleza, etc. Livre significa que n\u00e3o existe a obrigatoriedade de: carga hor\u00e1ria podendo variar entre algumas horas ou v\u00e1rios meses de dura\u00e7\u00e3o, disciplinas, tempo de dura\u00e7\u00e3o e diploma anterior.\u00a0<em>Desse modo, a oferta desses cursos n\u00e3o depende de atos autorizativos por parte deste Minist\u00e9rio, quais sejam: credenciamento institucional, autoriza\u00e7\u00e3o e reconhecimento de curso.\u00a0<\/em>As escolas que oferecem este tipo de curso t\u00eam direito de emitir certificado ao aluno em conformidade com a\u00a0<strong><em>Lei n\u00ba 9394\/96<\/em><\/strong>;\u00a0<em>Decreto n\u00ba 5.154\/04<\/em>;\u00a0<em>Delibera\u00e7\u00e3o CEE 14\/97 (Indica\u00e7\u00e3o CEE 14\/97)<\/em>.\u00a0<strong><em>Lembrando que Curso livre n\u00e3o tem v\u00ednculo nem reconhecimento pelo MEC\/CAPES. Esses Certificados t\u00eam validade legal para diversos fins, por\u00e9m n\u00e3o podem ser convalidados, validados ou chancelados por escolas reconhecidas pelo MEC\/CAPES<\/em><\/strong>. Os cursos livres t\u00eam como Base Legal o\u00a0<strong><em>Decreto Presidencial N\u00b0 5.154, de 23 de julho de 2004, Art. 1\u00b0 e 3\u00b0 e PORTARIA N\u00ba 008, de 25\/06\/2002 publicado no DI\u00c1RIO OFICIAL \u2013 SC \u2013 N\u00ba 16.935 \u2013 27.06.2002<\/em><\/strong>. O\u00a0<strong><em>Curso livre (Presencial ou EAD dist\u00e2ncia<\/em><\/strong> \u00a0\u00e9 uma modalidade de educa\u00e7\u00e3o n\u00e3o-formal de dura\u00e7\u00e3o vari\u00e1vel, destinada a proporcionar ao oportunidade de qualifica\u00e7\u00e3o, inclus\u00e3o a\u00a0 conhecimentos que lhe permitam profissionalizar-se, qualificar-se e atualizar-se para o trabalho. A jurisprud\u00eancia do Conselho Nacional de Educa\u00e7\u00e3o tem sido no sentido de declarar-lhes a equival\u00eancia, de acordo com regras amplas e flex\u00edveis \u00e0 entidades de Associa\u00e7\u00f5es, Institutos, Ongs, Cooperativas, Empresas e Profissionais Aut\u00f4nomos tamb\u00e9m podem ministrar tais cursos e emitir certificado.<\/p>\n<p>\u00a0\u00a0\u00a0\u00a0\u00a0\u00a0\u00a0\u00a0\u00a0\u00a0\u00a0\u00a0\u00a0\u00a0\u00a0\u00a0\u00a0\u00a0\u00a0\u00a0\u00a0\u00a0\u00a0\u00a0\u00a0\u00a0\u00a0\u00a0\u00a0\u00a0\u00a0\u00a0\u00a0\u00a0\u00a0\u00a0\u00a0\u00a0\u00a0\u00a0\u00a0\u00a0\u00a0\u00a0\u00a0\u00a0\u00a0\u00a0\u00a0\u00a0\u00a0\u00a0\u00a0\u00a0\u00a0\u00a0\u00a0\u00a0\u00a0\u00a0\u00a0\u00a0\u00a0\u00a0\u00a0\u00a0\u00a0\u00a0\u00a0\u00a0\u00a0\u00a0\u00a0\u00a0\u00a0\u00a0\u00a0\u00a0\u00a0\u00a0 Fonte: http:\/\/www.planalto.gov.br\/<\/p>\n<\/td>\n<\/tr>\n<\/tbody>\n<\/table>\n<table border=\"0\" width=\"100%\" cellspacing=\"0\" cellpadding=\"5\">\n<tbody>\n<tr>\n<td>\u00a0<\/td>\n<\/tr>\n<\/tbody>\n<\/table>\n\n\n<p><\/p>\n","protected":false},"excerpt":{"rendered":"<p>\u00a0\u00a0\u00a0\u00a0\u00a0\u00a0\u00a0\u00a0\u00a0\u00a0\u00a0\u00a0\u00a0\u00a0\u00a0\u00a0\u00a0\u00a0\u00a0\u00a0\u00a0\u00a0\u00a0\u00a0\u00a0\u00a0\u00a0\u00a0\u00a0\u00a0\u00a0\u00a0\u00a0\u00a0\u00a0\u00a0\u00a0\u00a0\u00a0\u00a0\u00a0\u00a0\u00a0\u00a0\u00a0\u00a0\u00a0\u00a0\u00a0\u00a0\u00a0\u00a0\u00a0\u00a0\u00a0\u00a0\u00a0\u00a0\u00a0\u00a0\u00a0\u00a0\u00a0\u00a0\u00a0\u00a0\u00a0\u00a0\u00a0\u00a0\u00a0\u00a0\u00a0 ABMPDF\u00a0 \u00a0\u00a0\u00a0\u00a0\u00a0\u00a0\u00a0\u00a0\u00a0\u00a0\u00a0\u00a0\u00a0\u00a0\u00a0\u00a0\u00a0\u00a0\u00a0\u00a0\u00a0\u00a0\u00a0\u00a0\u00a0\u00a0\u00a0\u00a0\u00a0\u00a0\u00a0\u00a0\u00a0\u00a0\u00a0\u00a0\u00a0\u00a0\u00a0\u00a0\u00a0\u00a0\u00a0\u00a0\u00a0 UNI.FREUD CURSOS E TREINAMENTOS NOVO CURSO JUNG &#8220;INTRODU\u00c7\u00c3O TEORIA E PR\u00c1TICA DO PENSAMENTO DE CARL\u00a0 JUNG&#8221; (QUALIFICA\u00c7\u00c3O PROFISSIONALIZANTE LIVRE) 24 \/M\u00f3dulos E.A.D ou + Novas Turmas EAD ( AULAS GRAVADAS) CURSO DE ESTUDOS DAS OBRAS E PRATICA DE JUNG ( Reserva de Vaga e\u00a0 Inscri\u00e7\u00e3o: Mediante Pr\u00e9via Avalia\u00e7\u00e3o do seu Curr\u00edculo) Grade [&hellip;]<\/p>\n","protected":false},"author":4,"featured_media":0,"parent":0,"menu_order":0,"comment_status":"closed","ping_status":"closed","template":"","meta":{"footnotes":""},"class_list":["post-506","page","type-page","status-publish","hentry"],"_links":{"self":[{"href":"https:\/\/www.abmpdf.com\/index.php?rest_route=\/wp\/v2\/pages\/506","targetHints":{"allow":["GET"]}}],"collection":[{"href":"https:\/\/www.abmpdf.com\/index.php?rest_route=\/wp\/v2\/pages"}],"about":[{"href":"https:\/\/www.abmpdf.com\/index.php?rest_route=\/wp\/v2\/types\/page"}],"author":[{"embeddable":true,"href":"https:\/\/www.abmpdf.com\/index.php?rest_route=\/wp\/v2\/users\/4"}],"replies":[{"embeddable":true,"href":"https:\/\/www.abmpdf.com\/index.php?rest_route=%2Fwp%2Fv2%2Fcomments&post=506"}],"version-history":[{"count":49,"href":"https:\/\/www.abmpdf.com\/index.php?rest_route=\/wp\/v2\/pages\/506\/revisions"}],"predecessor-version":[{"id":1877,"href":"https:\/\/www.abmpdf.com\/index.php?rest_route=\/wp\/v2\/pages\/506\/revisions\/1877"}],"wp:attachment":[{"href":"https:\/\/www.abmpdf.com\/index.php?rest_route=%2Fwp%2Fv2%2Fmedia&parent=506"}],"curies":[{"name":"wp","href":"https:\/\/api.w.org\/{rel}","templated":true}]}}